n. Is s a composite number?
False
Let r(c) be the first derivative of -c**4/2 - 10*c**3/3 + 2*c**2 + 3*c + 24. Let j be r(-11). Suppose 2*d - d - j = 0. Is d prime?
False
Let n be ((-1)/(-2))/((10/(-24))/5). Let p(f) = -5*f - 25. Let i be p(n). Suppose r + r - 5*a - 148 = 0, -5*a + 405 = i*r. Is r a prime number?
True
Let v(d) be the first derivative of d**5/10 - 7*d**4/4 + d**3/6 + 13*d**2/2 + 40*d + 46. Let j(o) be the first derivative of v(o). Is j(14) composite?
False
Suppose 19*h - 612874 + 522160 - 730789 = 0. Is h composite?
False
Let v(h) = 34381*h + 882. Is v(5) a prime number?
True
Let n = 359923 + -197714. Is n a prime number?
True
Suppose -8 = -4*a - 0, -3048 = -x + 2*a. Suppose -32 = -4*l - 2*y, y + 2 = -0*y. Suppose l*v = x - 685. Is v prime?
True
Suppose 0 = 152*p - 14639825 - 2175778 - 2632949. Is p prime?
True
Suppose -5*w + 324442 = 2*o, -31*w - 324400 = -36*w + 5*o. Is w a prime number?
False
Let r = 11615 - -992. Is r a composite number?
True
Suppose -6*f + 25 = -f. Suppose 3*h + d - 16 = -12, -d + 8 = 5*h. Suppose -5*o + 1094 = -h*o - 4*t, f*t + 25 = 0. Is o a composite number?
True
Suppose 4*v = -3*x - 0*v - 25, 4*x + 32 = -5*v. Is (4/16)/(x - 5236/(-1744)) a composite number?
False
Suppose -4*g + 5 = 17. Let j(l) = -134*l**3 + 3*l**2 - 2*l - 2. Let h(v) = 135*v**3 - 3*v**2 + 2*v + 2. Let i(y) = 6*h(y) + 7*j(y). Is i(g) prime?
False
Suppose -5*p - h = -22, 4*h = -3*p + 5 - 2. Suppose k = -2*a + 1776, 0 = 3*k - p*k + 4. Is a a prime number?
True
Let d be 1 + 0 + (-1 + 0 - -2). Is 85551/45 + d/(-15) prime?
True
Let i(x) = -291*x + 43. Let k(f) = 874*f - 129. Let s(t) = 17*i(t) + 6*k(t). Is s(8) composite?
False
Is (-2 - 64680)/(6/(-21) - 40/105) prime?
False
Let r(k) = -54*k**3 + 12*k**2 + 37*k - 11. Is r(-6) prime?
True
Suppose -4*w = 2*a - 3138, 9*a + w + 3178 = 11*a. Is a prime?
False
Let g(n) = -5*n**3 - 8*n**2 + 9. Let i be g(6). Let b = i - -3968. Is b a prime number?
True
Suppose -3*a + u + 9821 = -44535, 18124 = a + 5*u. Is a a composite number?
False
Suppose 3*i + 10 - 1 = 0. Let r be (2/(-5))/(i*4/600). Is (-6)/(-10) - (-848)/r a prime number?
True
Let j = -517013 + 766680. Is j a prime number?
False
Let p(l) = -3 - 5 + 3 - 870*l. Let t be -1*(-2 - -4)*(-1)/(-2). Is p(t) composite?
True
Let o = -10377 + 17157. Suppose -3*s = -0*v + 2*v + o, 5*s + 20 = 0. Let q = v + 6567. Is q composite?
True
Is 204/272 + -1*3347/12*-345 composite?
True
Suppose -122*t + 10084442 + 2180932 + 17496892 = 0. Is t prime?
True
Let n(i) = -120*i - 18035*i + 1 + 15 - 3. Let s be n(2). Is (-2)/(-5) - s/45 a composite number?
True
Let x = -296 + 305. Suppose 2*b - 4*i - 59906 = 0, -7*i + x*i = -5*b + 149729. Is b prime?
True
Let s(z) = 4565*z + 53. Suppose -201*v + 4 = -199*v. Is s(v) prime?
False
Suppose 15*a + a = 661792. Is a prime?
False
Let a(u) = -12*u - 20. Let w(c) = -108*c - 180. Let t(y) = -28*a(y) + 3*w(y). Let d be t(-3). Is (d/(-3) + -5)/((-1)/(-7059)) prime?
False
Is (-6)/21 + (-2)/1 + 904358/49 composite?
True
Let g be 288/12*1/2. Let b = g - 3. Suppose b*a + 48 = 921. Is a composite?
False
Suppose 14*q = 15*q - 2. Suppose 4*b + 2*u = -22, 8 = -2*u - q. Let r(l) = 97*l**2 - l + 1. Is r(b) composite?
False
Let s(u) be the first derivative of -u**2/2 - 6*u - 51. Let d be s(-9). Let j(l) = 191*l + 14. Is j(d) composite?
False
Let d(c) = 3*c**2 - 5*c - 2. Let o be d(2). Suppose -28*l + 25*l + 17706 = o. Let p = l - 1599. Is p a composite number?
True
Let l = -51 - -53. Suppose -l*z - 20 = 3*z. Let q(g) = 39*g**2 + g + 3. Is q(z) composite?
True
Let p = -20 + 59. Let u = p - 35. Is ((-26512)/(-32))/(2/u*1) composite?
False
Let c = 28 - 44. Let m(t) = -5*t + 16. Let o be m(c). Suppose -22 = -r + o. Is r a composite number?
True
Let a(s) = s**2 + 8*s + 251. Let y(u) = -u**3 + 2*u**2 + 13*u + 10. Let p be y(5). Is a(p) a composite number?
False
Let o = 1323146 - 348045. Is o a prime number?
False
Let l(j) = j**2 + 3*j. Suppose 3*p = -0*p - 12. Let a be l(p). Suppose -c + 2*s = -505, 0 = -a*s - 2 - 6. Is c composite?
True
Suppose 0 = 38*u - 12438091 - 67215. Is u composite?
True
Suppose -3*i - 65 - 16887 = -2*b, 33886 = 4*b + 3*i. Is b prime?
False
Let c(a) = a + 27. Let n be c(-12). Suppose 4*u - 3514 = 3*t, 17*t = 3*u + n*t - 2635. Is u prime?
True
Let s = -9 - -50. Suppose -2*d + 91 = -s. Let y = d + 813. Is y a composite number?
True
Is (-185947)/(-6) - 11*(-11)/(-726) prime?
False
Suppose -2*q + 1 = -5*h + 4*h, 3*h - 3 = 4*q. Is (112/q)/4*9168/64 prime?
False
Suppose 3*h - 205229 = 3*m + 52735, 86006 = h + 5*m. Is h prime?
True
Let a(s) = -s**3 - 8*s**2 + 3*s - 1. Suppose 10*n + 90 = 13*n. Suppose -5*j + 2*r - n - 21 = 0, -4*r - 52 = 4*j. Is a(j) a composite number?
True
Suppose 3*j - 2*n - 18 = 0, 2*j = 3*n - 0*n + 12. Let d = 5 - j. Is (-4 + d)/10*-1814 prime?
True
Let d = -79 + 84. Suppose 4*g + d*g = 35685. Suppose -2*k + g = 3*k. Is k composite?
True
Let q be (260/(-3))/1*-6. Suppose 4*b + 4*f + 4 = 0, -4*b + 0*b = 3*f - 1. Suppose -4*i = -b*l + q, -4*l = 3*i + i - 496. Is l prime?
True
Let v(f) = 41855*f**2 - 53*f + 55. Is v(1) composite?
True
Is ((4/5)/2)/((-586)/(-167468545)) a composite number?
True
Suppose 3*a = -3*p - p, 3*p = 2*a. Let z = 39 + a. Is z a composite number?
True
Let l(h) = -21*h**3 - 6*h**2 - 2*h + 3. Let z(k) = 10*k + 36. Let c be 7*8/28 - 6. Let q be z(c). Is l(q) composite?
False
Let x(i) = 64 + 49 + 103*i + 52 - 408*i. Is x(-8) composite?
True
Let l be (2 - -4)/6 + 6 + -1. Suppose l*r + r = 3255. Suppose -4*c = -811 - r. Is c composite?
True
Let i(m) = -44*m**2 - 17*m - 47. Let o be i(-10). Let f = o - -9316. Is f prime?
True
Let z be (-4)/(((-4)/(-12))/((-2935)/30)). Let f = 3797 - z. Is f a composite number?
True
Let o(f) = -23*f + 130. Let n(h) = 8*h - 43. Let w(k) = -11*n(k) - 4*o(k). Let s be w(13). Suppose t - 2795 = -3*m, 0*m + 5 = -s*m. Is t prime?
False
Is 245826607/195 + (-32)/120 prime?
False
Let x(o) = 10*o**3 + 5*o**2 + 5*o - 15. Let i be x(-4). Let f = 916 + i. Is f composite?
True
Let f = 197 + -197. Suppose -y = 2*z - 2495, -2*z - 2*y + 2496 = -f*y. Is z a prime number?
False
Let w = 5059 - -123540. Is w composite?
False
Let z(i) = -i**3 + 5*i**2 - 4*i + 1. Let w be z(3). Suppose -w*c - 5*l = -3*c - 809, 0 = -3*c + 4*l + 599. Is c composite?
True
Let v(f) = 32558*f**2 - 74*f + 157. Is v(2) composite?
False
Suppose -j + 13 = 11. Let w(u) = 5 + 4*u - 1 + 27*u**2 + 187*u**2 + 147*u**j. Is w(3) a composite number?
True
Suppose 0 = 3*p + 4*a + 41, -5*p - 3*a - 30 = 42. Let m be p/5 - (14 + -3). Is ((-2)/(-3))/(m/(-11613)) prime?
False
Let t = 75438 - -336383. Is t composite?
False
Suppose -5*h - b + 5*b - 40 = 0, -5*b = -3*h - 24. Let c(f) = 23*f**2 + 2*f - 57. Is c(h) composite?
False
Let o(n) = -32*n**3 + 4*n**2 - 2*n + 5. Let l be 8/32 - 454/(-8). Let t = -62 + l. Is o(t) a prime number?
False
Let x(p) = -p**2 - 8*p + 21. Let h be x(-8). Suppose 2*r = 2*a + 2, a - h = -3*r - 2*a. Suppose -f - 15 = r*f, -4*v + 7592 = 4*f. Is v composite?
False
Let a = 25328 - 13546. Let h = a + -6749. Is h a prime number?
False
Let w = 228 + 12060. Let m = 32995 - w. Is m prime?
True
Suppose a - 20 = -4*a. Suppose a*r = -4*u + 24, 2*r + 18 = 3*u + r. Is (1893/u)/(7/14) a prime number?
True
Suppose -4*u - 4*a = -1526660, 0*u - 763306 = -2*u - 5*a. Is u a prime number?
True
Suppose 3*g - j + 9393 + 14488 = 0, -4*j + 39790 = -5*g. Let o = g + 15863. Is o a composite number?
False
Let j(s) = s**3 + 8*s**2 + 3*s - 24. Let a be j(-7). Let x be (-56)/14 + (-1 - -8). Suppose o = -f - a*o + 1811, -5*f + 9055 = x*o. Is f a prime number?
True
Let q be -46*(6/(-4) + (-3)/(-6)). Let f = q + -49. Is (-3)/2*(0 - (-236)/f) composite?
True
Suppose 105*u + 57*u - 93660329 = 29*u. Is u a composite number?
False
Let b be 2/(-8) - (-303)/12. Suppose -5*w = -b, -408 = p - 5*w - 3163. Let q = -1633 + p. Is q prime?
False
Let r = 23454 - 12767. Let f = r + -4548. Is f a composite number?
True
Is (-2 - (0 + 1 + 451966))*(-8)/8 composite?
True
Suppose 1085881 + 391095 = 16*j. Is j prime?
True
Let l(f) = 40 + 5*f + 22*f**2 - 27*f**2 + 2*f**3 - 3*f**3 - 15. Let i be l(-5). Is 641 + (i/7)/(2 - 4) a prime number?
True
Suppose -1154 - 5282 = -2*s. Let h = -2691 + 2928. Let q = h + s. Is q a composite number?
True
Suppose 5*y + 2*